2*o. What is the units digit of m?
1
Suppose -2*u + 3*x + 264 = 0, 6*u = u + 4*x + 667. What is the units digit of (u/10)/(2/4)?
7
Suppose -5*x = 5*i + 115, i + 4*i + 3*x = -109. What is the tens digit of i/15*21/(-1)?
2
Let u(s) = 3*s**3 - 12*s**2 - 8*s + 16. What is the tens digit of u(7)?
0
Let n be (-350)/(-45) + 4/18. What is the units digit of n/(-2)*-2 + -1?
7
Let o = 89 + 173. What is the units digit of o?
2
Let c be 1 - -2 - (0 - 0). Suppose g - 5*l = -2*g + 9, -5*l + 9 = c*g. Suppose -g*z + 26 = 2. What is the units digit of z?
8
Let w = 5 - 2. Suppose 0 = -w*n + 20 - 8. What is the units digit of n?
4
Suppose 0 = d - 14 - 6. What is the units digit of d?
0
Let x = 341 + -242. What is the units digit of x?
9
Let c(q) = q**3 + 6*q**2 - 2*q + 8. Let l be c(-6). Suppose 3*k - 1 = 4*x - 9, -5*k = -l. What is the tens digit of (-582)/(-30) + 3/x?
2
Suppose -20 = -5*c - 5. Let a be ((-8)/10)/((-4)/10). Suppose -a*t - 3*t + 3 = v, 6 = -c*t. What is the tens digit of v?
1
Suppose -5*s + 52 = 127. Let g be s/6*-2 + 2. Suppose -g + 67 = 4*r + 5*l, 4*l - 6 = r. What is the tens digit of r?
1
Let q(g) be the second derivative of -g**4/12 + 3*g**3/2 - g**2 - 2*g. What is the tens digit of q(5)?
1
Let g = 774 - 511. What is the tens digit of g?
6
Suppose -4*d + 799 - 175 = 0. What is the tens digit of ((-21)/28)/((-3)/d)?
3
Let y = -6 - -5. Let h(q) = -5*q**2 - 2*q - 2. Let d be h(-2). Let w = y - d. What is the units digit of w?
7
Let y be (1 - -5) + 0/(-1). Suppose -4*n = -y*n. Let z = n - -11. What is the units digit of z?
1
Let n(w) = -2*w**3 - 5*w**2 - w + 2. Suppose -3*g - 4 - 5 = 0. What is the tens digit of n(g)?
1
Let f be ((-2)/(-2))/1 + 3. Suppose g - 18 = f*g. What is the units digit of g/33 - 90/(-11)?
8
Suppose -2*i - 3*i = 170. Let p be (-8)/20 - i/10. Suppose -2*h + 3*v = -38, p*h - 59 = v + 4*v. What is the tens digit of h?
1
Suppose 5*w + 3*r = -10 + 321, -5*r + 71 = w. What is the units digit of w?
1
Let z = 0 - 1. Let j be 7 + -10 - 8*z. Suppose 3*p = j*p - 5*f + 9, 4*p - 3*f - 3 = 0. What is the units digit of p?
3
Let z(n) = -n**2 + 13*n + 9. What is the tens digit of z(11)?
3
Let x be -2 + 0/(-2) + 2. Let p = 1 + 2. Suppose -3*j + x = -p. What is the units digit of j?
1
Suppose 5*n - 4*b + 12 = 0, -n - 3 - 6 = -3*b. Let h = n + 12. What is the tens digit of h?
1
Let h(t) = -t**2 + 3*t - 3. Let o be h(3). Let p(d) = d**2. Let z(a) = -2*a**2 + 3*a - 4. Let s(q) = -3*p(q) - z(q). What is the units digit of s(o)?
4
Let f(w) = w**3 - 2*w**2 - w + 1. What is the units digit of f(3)?
7
Let z = -11 - -5. Let v(u) = -u - 5*u - 5 + 4*u - u. What is the units digit of v(z)?
3
Let g(p) = -11*p. What is the tens digit of g(-4)?
4
Let p(c) = -c**2 + c + 49. Let l be p(0). What is the tens digit of (-1)/7 + 987/l?
2
Let l be (-172)/24 + 2/12. What is the units digit of (7 - 14)*6/l?
6
What is the tens digit of (-8)/40 - (-4443)/15?
9
Let t(b) = -7*b**2 + 6*b - 9. Let i(v) = v**2 + 1. Suppose 3*f - 4*w = -1 - 10, 0 = 4*f - 5*w + 14. Let j(g) = f*t(g) - 6*i(g). What is the units digit of j(6)?
3
Let c = 53 + -29. Suppose 3*h - c = -0*h. What is the units digit of (10/4)/(2/h)?
0
Suppose 0 = 2*t + 5*y - 233, -114 = -5*t - 2*y + 416. What is the tens digit of t?
0
Suppose s - 3*j = -j + 160, -485 = -3*s + j. What is the tens digit of s?
6
Suppose b - 18 + 3 = i, -3*b - 5*i = -69. Suppose -2*x - b + 6 = 0. Let f = 14 + x. What is the units digit of f?
8
Suppose 3*g + 8 + 4 = 0. Let u = -3 - g. What is the units digit of (0 + u)/((-1)/(-3))?
3
Let j(g) = g - 9. Let n be j(11). Suppose 0 = -n*a + q - 0*q + 40, -3*a + 60 = -5*q. What is the tens digit of a?
2
Suppose -89 = -5*b + 2*o, 2 - 47 = -3*b - 3*o. Suppose 15 = 5*q - 5*k, 6*q - 3*k = q + b. Suppose -4 - 20 = -q*h. What is the units digit of h?
6
Let f be 2/(-8) + (-679)/(-28). Let r = f - -1. What is the tens digit of r?
2
Let x(p) = 7*p**2 + 11*p + 11. Let f(i) = 8*i**2 + 12*i + 12. Let t(v) = -6*f(v) + 7*x(v). Let h be t(-6). Let k = h - 7. What is the units digit of k?
4
Let u = -7 + 44. What is the tens digit of u?
3
Let p(i) = 25*i - 8. What is the tens digit of p(3)?
6
Suppose 4*x - 78 = 18. What is the units digit of (4/(-6))/((-4)/x)?
4
Let t(n) be the third derivative of n**5/60 + n**4/8 + 3*n**2. What is the units digit of t(-4)?
4
Let n(t) be the second derivative of 0 + 1/3*t**3 - 2*t - 1/2*t**2. What is the units digit of n(2)?
3
Let f be (10 - 11)/(2/(-4)). Suppose -20 = -k + f. What is the units digit of k?
2
Let y be (1 + -2)/((-2)/10). Let t = 52 - 56. What is the units digit of 47/y + t/10?
9
Suppose 4371 = 13*l + 1251. What is the tens digit of l?
4
What is the tens digit of 3/6 + (-113)/(-2)?
5
Let m(r) = r**3 + 8*r**2 - 8*r - 6. Suppose -n + 16 = -3*n. Let w be m(n). Let l = w - 36. What is the tens digit of l?
2
What is the units digit of (-37)/(-1) - (-2 + -2)?
1
Let q(d) = d + 15. Let p be q(-12). Let t(m) = 3*m + 4. What is the tens digit of t(p)?
1
Let x(r) = -r + 8. Let j be x(10). Let z = 24 - j. Suppose -3*m = 5 - z. What is the units digit of m?
7
Let o = -6 - -3. Let x = o + -1. What is the tens digit of 30/2 - x/(-2)?
1
Let b(d) = 11*d + 17. Let w(o) = -7*o - 11. Let y(n) = -5*b(n) - 8*w(n). What is the units digit of y(4)?
7
Suppose 3*u - 40 = 4*m, 4*u = 6*u + 4*m. Let z = 15 - 11. Suppose -2*g + w = -3*w, -g - u = -z*w. What is the units digit of g?
8
Suppose -5*j = 3*m - 179, 2*j + 3*j + 2*m - 176 = 0. What is the tens digit of j?
3
Let v(x) be the first derivative of x**3/3 - 2*x**2 + 4*x + 1. Let r be v(4). Suppose 2*n = -5*o + 8 + 13, 0 = 5*o + r*n - 27. What is the units digit of o?
3
Suppose 64 = 4*n + 12. What is the tens digit of n?
1
Let p(i) = -i**3 - 2*i**2 - i - 10. What is the tens digit of p(-5)?
7
Let i(q) = 76*q**3 - q**2 + 2. What is the tens digit of i(1)?
7
Let t(o) = 2*o + 7. Let l(w) = -3*w - 13. Let a(u) = -3*l(u) - 5*t(u). Let j be a(5). What is the units digit of (-6*(-3)/(-6))/j?
3
Let u(p) = 14*p - 1. What is the units digit of u(3)?
1
Let z(h) = -h**2 - 21*h - 17. What is the units digit of z(-10)?
3
Suppose -4*p - p = 3*r - 56, -2*r - 3*p = -38. Let j = r + -15. What is the units digit of j?
7
Let o be (-2 + -1)/((-9)/(-66)). Let y = 24 + o. What is the units digit of y?
2
Suppose 3*y = -12, 5*i - y = -0*y + 909. What is the hundreds digit of i?
1
Let k = 4 + 0. Suppose 0*w - 4*z + 8 = k*w, -w + 3 = 2*z. What is the units digit of w?
1
Suppose 0 = 5*c + 15, z + 3*z - 215 = c. What is the tens digit of z?
5
Let u = -5 - -7. Let x = -9 - -20. Suppose 3*j - c + 4*c = -12, u*c = j - x. What is the units digit of j?
1
Let y = 2 + 1. Suppose 0 = -y*n - 2*z + 57, 0 = 4*n + 2*z - 48 - 28. What is the tens digit of n?
1
Let h(y) be the second derivative of y**3 + 9*y. What is the tens digit of h(7)?
4
Let m = -24 - -8. Let i = 37 + m. What is the tens digit of i?
2
Let l(k) = -k**2 - 15*k - 21. What is the units digit of l(-9)?
3
Suppose -2*t - 9 = -5*t. Suppose -7*x + t*x = 0. What is the units digit of 16/(-10)*(x - 5)?
8
Let z(b) = 2*b**3 + 4*b**2 + 2*b. Let w be z(-4). Let q = -39 - w. What is the units digit of q?
3
Let q(l) = 2*l**2 - 6*l - 11. What is the tens digit of q(9)?
9
Suppose -5*m - 24 = -10*m + 3*f, 3*f = -9. Suppose 6*t - 2*t = m*w - 149, 3*t = -3*w + 135. What is the units digit of w?
7
What is the units digit of 43*-2*(-5)/10?
3
Let v(k) = 70*k**2 - 5*k - 4. What is the tens digit of v(-1)?
7
Suppose -2*g = 2*y - 0*y - 72, 4*g - 143 = -3*y. Suppose -4*a - 3*t + 91 = 0, -46 = -2*a + 5*t + 19. Let z = g - a. What is the units digit of z?
0
What is the units digit of ((-15)/(-2))/((-9)/(-24))?
0
Suppose 3*s - 7 = -d, -5*s = -2*d + d - 1. Suppose d*t + 36 = 148. What is the units digit of t?
8
Let d = 56 - 23. What is the units digit of d?
3
Let k(i) = -i + 3. Let s be k(1). What is the units digit of (-2)/(-1) + -3 + s?
1
What is the hundreds digit of (-1)/((-2873)/(-1443) - (2 - 0))?
1
Let o(n) = n**3 - 9*n**2 + 4*n - 7. Let k(y) be the first derivative of -y**2/2 + y + 1. Let l(m) = 5*k(m) - o(m). What is the units digit of l(8)?
4
Let j = 7 + -9. What is the units digit of (6/9)/(j/(-54))?
8
Let o(z) = -z**2 + 73. Let m be o(0). Let r = m + -46. What is the tens digit of r?
2
Let i(w) = w**3 + 12*w**2 + 11*w + 5. 